et a(z) be the second derivative of -5/6*z**3 + 5*z - 5/12*z**4 - 1/2*z**2 + 0 - 1/20*z**5. Calculate a(-4).
3
Let c(q) = 2*q**3 + 9*q**2 - 7. Let i(b) = b**3 + 8*b**2 - 6. Let t(j) = -2*c(j) + 3*i(j). Determine t(6).
-4
Let o(x) = -x**2 + 2. Let b be o(-2). Let a(s) = -1 - 3*s - 5*s + 5*s. Let f(r) = 6*r + 3. Let j(q) = b*f(q) - 5*a(q). Determine j(-2).
-7
Let l(o) = o**2 + 13*o - 2. Let w be l(-13). Let i(h) = 2*h**2 - 2. Give i(w).
6
Let f(k) = -k**2 + 3*k - 3. Let b(z) = -z**2 + 4*z - 4. Let m(q) = 4*b(q) - 5*f(q). What is m(0)?
-1
Let i(g) = -g**3 - 6*g**2 + g - 2. Let s(v) = -v**2. Let t(m) = -i(m) + 3*s(m). Let c(b) = 6*b + 33. Let h be c(-6). Calculate t(h).
5
Let b(y) = 2*y**3 - y**2 + 2*y - 1. Let r = 6 - 14. Let h = -9 - r. Let k be ((-1 + 2)*h)/(-1). Determine b(k).
2
Let z = -7 + 10. Suppose 3*w - z = -3*i + i, 4*w + 5*i = -3. Let k(u) = u**2 - 2*u + 2. Determine k(w).
5
Let b = 12 - 12. Suppose -3 = 3*l - 4*l. Let u(h) = 3*h + 5 - 4*h + h**l - 6 - h**2. Give u(b).
-1
Suppose 0 = 5*l - 4*l - 7. Let m(a) = a**3 - 8*a**2 + 8*a - 3. Let t be m(l). Let u(h) = -h. Determine u(t).
-4
Let h(m) be the second derivative of -m**5/20 + m**4/2 + m**3/6 - 4*m**2 + 47*m. Calculate h(6).
-2
Suppose -3*g = -8 + 2. Let s(i) = -2*i**2 + 3*i - 3. What is s(g)?
-5
Let r be 2/(-4) + 65/10. Suppose -3*y = 2*g - r*y + 14, 5*y = 10. Let s(k) = k**2 + 7*k + 6. What is s(g)?
-6
Let o(s) = -s - 3. Let n be o(-7). Suppose -n*g = -9*g + 30. Suppose 1 - g = q - 3*k, 3*q + 10 = 4*k. Let j(d) = d**3 + d**2 - 2*d + 1. What is j(q)?
1
Let v(l) = l**2 - 5*l + 6. Suppose 0 = -7*w + 3*w + 8. Suppose 5*g + 3 = 13. Let o = w + g. What is v(o)?
2
Let a(w) = 4*w + 5*w**2 - w**3 - w**2 + 2*w**3. Let z be 3 + -7 + -1 + 2. Give a(z).
-3
Let p(l) = 5*l - 5*l**3 - 3*l**3 + 7*l**3 - 4*l. What is p(0)?
0
Suppose -2*i + 17 = 2*u - 3, u - 20 = -3*i. Let j(h) = h**2 - 4*h - 4. Determine j(i).
1
Let j(u) = 10*u**2 - 5*u**2 + 2*u - u**2 + 1 - 3*u**2. What is j(-2)?
1
Let z(b) be the second derivative of b**4/12 - 4*b**3/3 - 3*b**2/2 + 3*b. Give z(6).
-15
Let h(p) be the third derivative of p**4/24 + 5*p**3/6 + 17*p**2. Give h(-9).
-4
Let r(q) = -q**3 - q + 3. Let c(z) = z**3 - 11*z**2 - 12*z. Let y(o) = -o**3 + 5*o**2 + 8*o. Let n be y(6). Let d be c(n). Calculate r(d).
3
Let s(x) = -14*x - x**2 + 7 - 8 + 18*x. Let v = -2 + 7. Determine s(v).
-6
Let t(r) = r**2 + r - 8. Let i = 31 + 2. Let x be 114/22 - 6/i. Let h = 5 - x. What is t(h)?
-8
Let c be 1/(-5) - 12/(-10). Let z = 1 + c. Let o(x) = -1 + x**3 + 3*x + 0*x**2 - z*x - 5*x + 2*x**2. Give o(-3).
2
Let m be -9 - 2/(-1) - 1. Let h be (-20)/m*(-16)/(-10). Let y(k) = -k**3 + 3*k**2 + 3*k + 5. Calculate y(h).
1
Let l(z) be the third derivative of -z**4/24 + 2*z**3/3 + 10*z**2. Give l(-6).
10
Let u be 2/4 + 12/8. Let z(y) = -7*y - 2 - 271*y**u + 264*y**2 + 4*y**3 - 5*y**3. What is z(-6)?
4
Let u = -1 + 2. Suppose -h + 4*h + 16 = y, -2*y - h = -4. Let s(r) = -y*r**3 - 5 - 2*r**2 + 4 + 4*r**2 + 2*r**3. What is s(u)?
-1
Let k(w) = -w**3 + w**2 + 3*w. Let b(u) = -1. Let q(p) = -3*b(p) - k(p). Suppose 0 = r - 5*r + 8. Determine q(r).
1
Let k = 3 - 2. Let l(j) = -189*j**3 + j - 5*j**2 + 3*j**2 + 196*j**3. What is l(k)?
6
Let v(m) be the first derivative of 1/2*m**2 - 4 + 5/3*m**3 - 1/4*m**4 - 2*m. Let y(s) = -s + 15. Let c be y(10). Give v(c).
3
Let v(h) be the second derivative of -1/20*h**5 - h**2 + 1/3*h**4 - 7*h + h**3 + 0. Calculate v(5).
3
Let z(a) = 8*a**2 + 3*a - 9. Let n(k) = 7*k**2 + 3*k - 8. Let w(h) = -7*n(h) + 6*z(h). Calculate w(-3).
2
Let k(h) = 164 - h - h**2 - h**3 - 164. Give k(-1).
1
Let y(k) = -k**2 + 3*k - 1. Let h be y(2). Let r(c) be the second derivative of -5*c**4/12 - c**3/6 + c**2/2 - 4*c. Calculate r(h).
-5
Let p(t) = t**2 - 5*t + 1. Let l be 47/9 - (-6)/(-27). Determine p(l).
1
Let n(p) = p**2 + 19*p + 25. Let s be n(-17). Let f(t) = -t**2 - 9*t - 9. Calculate f(s).
-9
Let x(c) = -12 - 15 - 15 + 2*c + 44 + 2*c**2. Determine x(-2).
6
Let x(k) = k**3 - 7*k**2 + 8*k - 3. Let g(w) be the second derivative of w**5/20 - w**4/6 - w**3/6 - w**2/2 + 5*w. Let z be g(3). Give x(z).
-13
Let a(i) be the first derivative of -i**4/4 + i**3 - 2. Let o(n) = 2*n**3 - n**2 + n + 1. Let j be o(-1). Let l(f) = -f - 1. Let z be l(j). Determine a(z).
4
Let y(o) = o**3 - 5*o**2 - 2*o + 4. Let k(c) = -c - 2. Suppose 0 = -4*v + 4 - 32. Let l = -14 - v. Let x be k(l). What is y(x)?
-6
Let b(q) = -4 + 5 + q**2 - 10. Calculate b(0).
-9
Let f = -21 + 21. Let n be -3 + (-3 - (f + -11)). Let q(y) = -y**2 + 5*y + 4. What is q(n)?
4
Suppose -2*v + 10 = 3*v. Suppose 9 = -b - 2*f, 8 = -v*b - 0*b + f. Let g(y) be the third derivative of -y**4/8 - 5*y**3/6 + y**2. Give g(b).
10
Let x(f) = -3*f**3 - 3*f**2 - f. Let u = 3 - 5. Calculate x(u).
14
Let o(n) = n. Let x(i) = -2*i + 1. Let u be (-39)/15 - 6/(-10). Let t(g) = u*x(g) - 5*o(g). What is t(-2)?
0
Let i(x) = x**2 + 5*x + 2. Let m be i(-4). Suppose 3*r + b + 2 - 6 = 0, -10 = -2*r + 3*b. Let w(d) = r + 5 - 2*d**2 - 5. Determine w(m).
-6
Let t(b) = -b**3 + 3*b**2 + 6*b - 3. Let i = -11 - -15. Suppose 12 = -w + i*w. Calculate t(w).
5
Let q(v) = -4*v. Let k be 1*(-4)/(8/6). Let f be 3*-2 - 6/k. Let g be (3/(-6))/(2/f). What is q(g)?
-4
Let n be -6*(2 - (-15)/(-6)). Let p = n + -1. Let q(i) = -p - 6*i**2 - i + 3 - 2*i**2. Give q(1).
-8
Let g be 98/21 + (-2)/(-6). Let s be 4/(-4) - -3 - g. Let p(u) = u + 4. Determine p(s).
1
Let k = 12 - 14. Let x(c) = -c + 1. Give x(k).
3
Let y(s) = 7*s. Let m(w) = 36*w. Let j(f) = -3*m(f) + 14*y(f). Determine j(-1).
10
Let v(f) = 4*f - 3*f**2 - 4 + 0*f**2 + 2*f**2. Calculate v(4).
-4
Let o(a) = -a + 2 + 1 - 1. Let i(u) = -u + 3 - 5 - 2. Let j be i(0). Calculate o(j).
6
Let u(c) = 5*c - 4. Let q(r) = r. Let g(v) = -6*q(v) + u(v). Calculate g(-3).
-1
Let z(s) = 4*s**3 - 5*s**2 - 4*s + 6. Let o(l) = -l**3 - l - 1. Let y(g) = -3*o(g) - z(g). Calculate y(6).
3
Let t be 6*((-8)/(-6))/(-4). Let b = t - 4. Let h(k) be the first derivative of -k**4/4 - 2*k**3 - k**2/2 - 3*k + 1. Calculate h(b).
3
Let q(k) be the third derivative of k**5/60 + 3*k**4/8 - 25*k**2. What is q(-4)?
-20
Let d(i) = -1. Let x(q) = 2*q - 7. Let p(v) = -6*d(v) + x(v). Calculate p(-1).
-3
Let d(u) be the first derivative of u**3/3 - 5*u**2/2 - 4*u + 16. Calculate d(6).
2
Let j(f) = -f - 2. Let y(w) = -2*w - 44. Let k be y(-19). Determine j(k).
4
Let l(d) = -d + 2 - 51*d**2 + 0 + 50*d**2. Calculate l(2).
-4
Suppose 2*k - 2*t = -16, 5*k + t = -t - 26. Let v(f) = 5*f**2 - 7. Let w(h) = h**2. Let g(m) = k*w(m) + v(m). Give g(0).
-7
Suppose 3*f = -f. Suppose -2*m + 5 = 3*i, f*i + i = -4*m + 5. Let b be i - 2 - (-1 + 4). Let k(g) = g**2 + 4*g. Determine k(b).
0
Let v(i) = -3*i - 2*i**2 + 1 + 3*i**2 - 3*i. Let w be 5/6*3*2. Let n be v(w). Let d(z) = 2*z + 2. What is d(n)?
-6
Let z(q) = -13*q + q + 13 + 5*q + 6*q. Give z(0).
13
Let w(p) be the second derivative of p**4/24 + 5*p**3/6 - p**2 + 4*p. Let m(r) be the first derivative of w(r). Calculate m(0).
5
Let y(x) = -7*x + 13. Let b be y(3). Let k(q) = q**2 + 12*q + 10. Give k(b).
-22
Let k = -6 + 8. Let o = k - -1. Let y(f) be the second derivative of -f**3/6 - f**2 - f. Give y(o).
-5
Let s(z) = z**2 + 7*z - 8. Let i be s(-8). Let o = i - -4. Let u(x) = -x**3 + o*x**2 - 1 - 2*x + 2 + 0*x. What is u(3)?
4
Let a(i) = -i**3 - i**2 - i. Suppose -4*x = -12, -t + 4*x - 8 = -3. Let y = 7 - t. Give a(y).
0
Let a(j) be the third derivative of -j**5/60 + j**4/3 - 5*j**3/6 + 2*j**2. Suppose -14 = -4*b + 18. Let l be a(b). Let i(k) = k + 5. Determine i(l).
0
Let r(a) = a**2 + 5*a + 4. Let k(w) = -w**2 - 9*w + 5. Suppose -20 = -5*b - 70. Let x be k(b). Determine r(x).
4
Let k(v) = 1 + 1 + 2*v - 5 + 0. Let x be k(2). Let z(y) = 5 + 6 + y + x - 5. What is z(0)?
7
Let s be (-2)/4 + (-6)/4. Let z(y) = -3*y**2 - 2*y + 1. What is z(s)?
-7
Let i be 48/30 + (-4)/(-10). Let m(x) be the first derivative of -3*x + 3*x**2 + 2*x - 5 + 2*x + i. Calculate m(-1).
-5
Let w(r) be the third derivative of 5*r**2 + 0 - 1/12*r**4 + 0*r + 5/6*r**3 - 1/360*r**6 + 0*r**5. Let d(c) be the first derivative of w(c). What is d(-3)?
-11
Let h(b) = -b**2 + 1 + 0*b + 4*b - 3. Let r = 1 - -3. Suppose 2*u - r*w = -3*u + 35, 0 = -u - 5*w - 22. What is h(u)?
1
Let g(w) = w. Let m(h) be the third derivati